{"id":116,"date":"2025-01-07T12:43:09","date_gmt":"2025-01-07T12:43:09","guid":{"rendered":"https:\/\/victorthemes.com\/themes\/exertion\/?page_id=116"},"modified":"2025-03-26T10:13:37","modified_gmt":"2025-03-26T10:13:37","slug":"home-v1","status":"publish","type":"page","link":"https:\/\/elektrakom.net\/","title":{"rendered":"Anasayfa"},"content":{"rendered":"<div class=\"wpb-content-wrapper\"><p>[vc_row full_width=&#8221;stretch_row_content_no_spaces&#8221; overlay_dotted=&#8221;true&#8221;][vc_column]<section class=\"swiper-container swiper-slides  xrton-slider-69d6b4b3b880a  swiper-container-home\" data-loop=\"true\" data-autoplay=\"true\"><div class=\"swiper-wrapper\"><div class=\"swiper-slide \" style=\"background-image: url(https:\/\/elektrakom.net\/wp-content\/uploads\/2025\/03\/slide-1_2.jpg);\">\r\n                    <div class=\"caption-wrap\">\r\n                      <div class=\"xrton-table-wrap\">\r\n                        <div class=\"xrton-align-wrap\">\r\n                          <div class=\"container\">\r\n                            <div class=\"caption-wrap-inner\"><h4 class=\"caption-subtitle animated\" data-animation=\"fadeInUp\">Daha iyi yar\u0131nlar i\u00e7in, i\u015fimiz Y\u00fcksek Gerilim<\/h4><h1 class=\"caption-title animated\" data-animation=\"fadeInUp\">Y\u00fcksek Gerilim Enerji M\u00fchendisli\u011fi<\/h1>\r\n                            <\/div>\r\n                          <\/div>\r\n                        <\/div>\r\n                      <\/div>\r\n                    <\/div>\r\n                  <\/div><div class=\"swiper-slide \" style=\"background-image: url(https:\/\/elektrakom.net\/wp-content\/uploads\/2025\/03\/zerger-proje-1_2.jpg);\">\r\n                    <div class=\"caption-wrap\">\r\n                      <div class=\"xrton-table-wrap\">\r\n                        <div class=\"xrton-align-wrap\">\r\n                          <div class=\"container\">\r\n                            <div class=\"caption-wrap-inner\"><h4 class=\"caption-subtitle animated\" data-animation=\"fadeInUp\">Tamamlanm\u0131\u015f Proje<\/h4><h1 class=\"caption-title animated\" data-animation=\"fadeInUp\">220\/110\/10\/6 kV ZERGER GTPS Power Plant<\/h1>\r\n                            <\/div>\r\n                          <\/div>\r\n                        <\/div>\r\n                      <\/div>\r\n                    <\/div>\r\n                  <\/div><div class=\"swiper-slide \" style=\"background-image: url(https:\/\/elektrakom.net\/wp-content\/uploads\/2025\/03\/zerger-proje-2_1.jpg);\">\r\n                    <div class=\"caption-wrap\">\r\n                      <div class=\"xrton-table-wrap\">\r\n                        <div class=\"xrton-align-wrap\">\r\n                          <div class=\"container\">\r\n                            <div class=\"caption-wrap-inner\"><h4 class=\"caption-subtitle animated\" data-animation=\"fadeInUp\">Tamamlanm\u0131\u015f Proje -\u00a0T\u00fcrkmenistan<\/h4><h1 class=\"caption-title animated\" data-animation=\"fadeInUp\">220\/110\/10\/6 kV ZERGER GTPS Power Plant<\/h1>\r\n                            <\/div>\r\n                          <\/div>\r\n                        <\/div>\r\n                      <\/div>\r\n                    <\/div>\r\n                  <\/div><div class=\"swiper-slide \" style=\"background-image: url(https:\/\/elektrakom.net\/wp-content\/uploads\/2025\/03\/aerocomplex-2.jpg);\">\r\n                    <div class=\"caption-wrap\">\r\n                      <div class=\"xrton-table-wrap\">\r\n                        <div class=\"xrton-align-wrap\">\r\n                          <div class=\"container\">\r\n                            <div class=\"caption-wrap-inner\"><h4 class=\"caption-subtitle animated\" data-animation=\"fadeInUp\">Tamamlanm\u0131\u015f Proje Ashgabat \u2013 T\u00fcrkmenistan<\/h4><h1 class=\"caption-title animated\" data-animation=\"fadeInUp\">AEROCOMPLEX AIRPORT 220\/10kV 2x25 MVA YG \u0130ndirici Merkezi<\/h1>\r\n                            <\/div>\r\n                          <\/div>\r\n                        <\/div>\r\n                      <\/div>\r\n                    <\/div>\r\n                  <\/div><\/div><div class=\"swiper-button-prev\"><\/div><div class=\"swiper-button-next\"><\/div><div class=\"swiper-pagination\"><\/div><\/section>[\/vc_column][\/vc_row][vc_row overlay_dotted=&#8221;&#8221; css=&#8221;.vc_custom_1548995839560{margin-top: -50px !important;padding-bottom: 50px !important;}&#8221;][vc_column]<div class=\"xrton-process process-style-two  xrton-process-69d6b4b3b9672 \">\r\n    \t\t\t\t\t\t\t\t<div class=\"container\">\r\n\t\t\t\t\t\t\t\t\t\t\t<div class=\"process-wrap  \"  style=\"background-image: url(https:\/\/elektrakom.net\/wp-content\/uploads\/2025\/01\/abadan-2-resim-1.jpg);\">\r\n\t\t\t\t\t\t\t\t\t\t\t\t<div class=\"row\">\r\n\t\t\t\t\t\t\t\t\t\t\t\t\t<div class=\"col-lg-7\">\r\n\t\t\t\t\t\t\t\t\t\t\t\t\t\t<div class=\"process-wrap-info\">\r\n\t\t\t\t\t\t\t\t\t\t\t\t\t\t\t<div class=\"section-title-wrap section-title-style-two\"><h2 class=\"section-title\">25 Y\u0131ll\u0131k Tecr\u00fcbe<\/h2><\/div><p>ELEKTRAKOM, anahtar teslim elektrik taahh\u00fct \u00e7\u00f6z\u00fcmleri, projelendirme ve m\u00fchendislik dan\u0131\u015fmanl\u0131k konular\u0131nda 2002 y\u0131l\u0131ndan bu yana hizmet vermektedir.<\/p><div class=\"xrton-btns-group\"><a href=\"\/index.php\/elektrakom-enerji-kurumsal\" class=\"xrton-btn\" target=\"_blank\"><span>HAKKIMIZDA<\/span><\/a><\/div>\r\n\t\t\t\t\t\t\t\t\t\t\t\t\t\t<\/div>\r\n\t\t\t\t\t\t\t\t\t\t\t\t\t<\/div>\r\n\t\t\t\t\t\t\t\t\t\t\t\t\t<div class=\"col-lg-5\"><div class=\"process-item\">\r\n\t                \t\t<div class=\"xrton-icon\">\r\n                          <div class=\"xrton-table-wrap\">\r\n                            <div class=\"xrton-align-wrap\">\r\n                              <img decoding=\"async\" src=\"https:\/\/elektrakom.net\/wp-content\/uploads\/2025\/01\/corporate_icon.png\" alt=\"\">\r\n                            <\/div>\r\n                          <\/div>\r\n                        <\/div>\r\n\t                    <div class=\"process-info\">\r\n\t\t\t                <h4 class=\"process-title\"><a href=\"\/index.php\/elektrakom-enerji-kurumsal\" target=\"_self\">Kurumsal<\/a><\/h4><p>ELEKTRAKOM, 2002 y\u0131l\u0131nda elektrik enerjisi sekt\u00f6r\u00fcnde \u00f6zellikle y\u00fcksek gerilim tesislerine y\u00f6nelik \u00e7al\u0131\u015fmalar yapmak \u00fczere kurulmu\u015ftur.<\/p>\r\n\t\t\t                <\/div>\r\n\t\t\t              <\/div><div class=\"process-item\">\r\n\t                \t\t<div class=\"xrton-icon\">\r\n                          <div class=\"xrton-table-wrap\">\r\n                            <div class=\"xrton-align-wrap\">\r\n                              <img decoding=\"async\" src=\"https:\/\/elektrakom.net\/wp-content\/uploads\/2025\/01\/sustainability_icon.png\" alt=\"\">\r\n                            <\/div>\r\n                          <\/div>\r\n                        <\/div>\r\n\t                    <div class=\"process-info\">\r\n\t\t\t                <h4 class=\"process-title\"><a href=\"https:\/\/elektrakom.net\/index.php\/surdurulebilirlik\" target=\"_self\">S\u00fcrd\u00fcr\u00fclebilirlik<\/a><\/h4><p>ELEKTRAKOM ailesi olarak gelecek nesillere daha iyi ve ya\u015fanabilir bir d\u00fcnya teslim etmek i\u00e7in \u00e7al\u0131\u015f\u0131yoruz.<\/p>\r\n\t\t\t                <\/div>\r\n\t\t\t              <\/div><div class=\"process-item\">\r\n\t                \t\t<div class=\"xrton-icon\">\r\n                          <div class=\"xrton-table-wrap\">\r\n                            <div class=\"xrton-align-wrap\">\r\n                              <img decoding=\"async\" src=\"https:\/\/elektrakom.net\/wp-content\/uploads\/2025\/01\/safety_icon.png\" alt=\"\">\r\n                            <\/div>\r\n                          <\/div>\r\n                        <\/div>\r\n\t                    <div class=\"process-info\">\r\n\t\t\t                <h4 class=\"process-title\"><a href=\"https:\/\/elektrakom.net\/index.php\/elektrakom-enerji-kalite-ve-cevre\" target=\"_self\">Kalite, \u00c7evre ve \u0130SG Politikas\u0131<\/a><\/h4><p>ELEKTRAKOM olarak kalite, i\u015f g\u00fcvenli\u011fi ve \u00e7evre standartlar\u0131na uygun hizmet anlay\u0131\u015f\u0131 i\u00e7erisindedir.<\/p>\r\n\t\t\t                <\/div>\r\n\t\t\t              <\/div><\/div><\/div><\/div><\/div><\/div>[\/vc_column][\/vc_row][vc_row overlay_dotted=&#8221;true&#8221; css=&#8221;.vc_custom_1738061567142{padding-top: 8% !important;padding-bottom: -25px !important;}&#8221;][vc_column]<div class=\"section-title-wrap  xrton-stitle-69d6b4b3ba456-enerjimizle-hayat-vermeye-devam-ediyoruz caption-center need-bg   full-width\"><h2 class=\"section-title\">Enerjimizle hayat vermeye devam ediyoruz...<\/h2><p>B\u0130Z gelecek nesilleri d\u00fc\u015f\u00fcnerek \u00e7al\u0131\u015f\u0131yoruz<\/p><\/div><div class=\"xrton-btns-group  xrton-btn-69d6b4b3ba4a3 cpation-center button-one \"><a href=\"https:\/\/elektrakom.net\/index.php\/elektrakom-elektrik-taahhut-cozumler\" class=\"xrton-btn \"><span class=\"xrton-btn-text\">Hizmetlerimiz<\/span><\/a><\/div>[\/vc_column][\/vc_row][vc_row overlay_dotted=&#8221;true&#8221;][vc_column]\r\n    <section class=\"xrton-projects project-style-one xrton-portfolio-69d6b4b3ba4da custom\">\r\n      <div class=\"  projects-spacer-one\">\r\n\r\n                  <div class=\"row\">\r\n            <div class=\"col-md-6\">\r\n              <div class=\"section-title-wrap section-title-style-two\">\r\n                <h2 class=\"section-title\">Referanslar\u0131m\u0131z<\/h2>\r\n              <\/div>\r\n            <\/div>\r\n            <div class=\"col-md-6 textright\">\r\n              <a href=\"\/index.php\/elektrakom-elektrik-taahhut-projeleri\" class=\"xrton-btn xrton-small-btn\" target=\"_blank\" >\r\n                <span>T\u00fcm\u00fcn\u00fc G\u00f6r\u00fcn<\/span>\r\n              <\/a>\r\n            <\/div>\r\n          <\/div>\r\n        \r\n        <div class=\"projects-wrap \">\r\n\r\n          <div class=\"row\"><div class=\"col-lg-4 col-md-6\">\r\n                  <div class=\"project-item\">\r\n                    <div class=\"xrton-image\">\r\n                      <a href=\"https:\/\/elektrakom.net\/index.php\/portfolio\/500-kv-ring-project\"><img decoding=\"async\" src=\"https:\/\/elektrakom.net\/wp-content\/uploads\/2025\/01\/500kv-370x300.jpg\" alt=\"500 kV RING PROJECT\"><\/a>\r\n                    <\/div>\r\n                    <div class=\"project-info\">\r\n                      <div class=\"xrton-table-wrap\">\r\n                        <div class=\"xrton-align-wrap\">\r\n                          <h4 class=\"project-title\"><a href=\"https:\/\/elektrakom.net\/index.php\/portfolio\/500-kv-ring-project\">500 kV RING PROJECT<\/a><\/h4>\r\n                          <p>\r\n                            <a href=\"https:\/\/elektrakom.net\/index.php\/portfolio_cat\/references_tr\">Portfolio_TR<\/a>                           <\/p>\r\n                        <\/div>\r\n                      <\/div>\r\n                    <\/div>\r\n                  <\/div>\r\n\r\n                <\/div>\r\n              <div class=\"col-lg-4 col-md-6\">\r\n                  <div class=\"project-item\">\r\n                    <div class=\"xrton-image\">\r\n                      <a href=\"https:\/\/elektrakom.net\/index.php\/portfolio\/220-110-10-6-kv-zerger-gtps-power-plant\"><img decoding=\"async\" src=\"https:\/\/elektrakom.net\/wp-content\/uploads\/2025\/01\/zerger-gtps-power-plant-1-370x300.jpg\" alt=\"220\/110\/10\/6 kV ZERGER GTPS POWER PLANT\"><\/a>\r\n                    <\/div>\r\n                    <div class=\"project-info\">\r\n                      <div class=\"xrton-table-wrap\">\r\n                        <div class=\"xrton-align-wrap\">\r\n                          <h4 class=\"project-title\"><a href=\"https:\/\/elektrakom.net\/index.php\/portfolio\/220-110-10-6-kv-zerger-gtps-power-plant\">220\/110\/10\/6 kV ZERGER GTPS POWER PLANT<\/a><\/h4>\r\n                          <p>\r\n                            <a href=\"https:\/\/elektrakom.net\/index.php\/portfolio_cat\/references_tr\">Portfolio_TR<\/a>                           <\/p>\r\n                        <\/div>\r\n                      <\/div>\r\n                    <\/div>\r\n                  <\/div>\r\n\r\n                <\/div>\r\n              <div class=\"col-lg-4 col-md-6\">\r\n                  <div class=\"project-item\">\r\n                    <div class=\"xrton-image\">\r\n                      <a href=\"https:\/\/elektrakom.net\/index.php\/portfolio\/220-10kv-polietilen-substation\"><img decoding=\"async\" src=\"https:\/\/elektrakom.net\/wp-content\/uploads\/2025\/01\/polietilen-substation-1-370x300.jpg\" alt=\"220\/10kV POLIETILEN SUBSTATION\"><\/a>\r\n                    <\/div>\r\n                    <div class=\"project-info\">\r\n                      <div class=\"xrton-table-wrap\">\r\n                        <div class=\"xrton-align-wrap\">\r\n                          <h4 class=\"project-title\"><a href=\"https:\/\/elektrakom.net\/index.php\/portfolio\/220-10kv-polietilen-substation\">220\/10kV POLIETILEN SUBSTATION<\/a><\/h4>\r\n                          <p>\r\n                            <a href=\"https:\/\/elektrakom.net\/index.php\/portfolio_cat\/references_tr\">Portfolio_TR<\/a>                           <\/p>\r\n                        <\/div>\r\n                      <\/div>\r\n                    <\/div>\r\n                  <\/div>\r\n\r\n                <\/div>\r\n              <div class=\"col-lg-4 col-md-6\">\r\n                  <div class=\"project-item\">\r\n                    <div class=\"xrton-image\">\r\n                      <a href=\"https:\/\/elektrakom.net\/index.php\/portfolio\/tepeturkmen-glass-plant-110-10kv-2x25-mva-gis-substation\"><img decoding=\"async\" src=\"https:\/\/elektrakom.net\/wp-content\/uploads\/2025\/01\/tepeturkmen-glass-1-370x300.jpg\" alt=\"TEPETURKMEN GLASS PLANT 110\/10kV 2&#215;25 MVA GIS SUBSTATION\"><\/a>\r\n                    <\/div>\r\n                    <div class=\"project-info\">\r\n                      <div class=\"xrton-table-wrap\">\r\n                        <div class=\"xrton-align-wrap\">\r\n                          <h4 class=\"project-title\"><a href=\"https:\/\/elektrakom.net\/index.php\/portfolio\/tepeturkmen-glass-plant-110-10kv-2x25-mva-gis-substation\">TEPETURKMEN GLASS PLANT 110\/10kV 2&#215;25 MVA GIS SUBSTATION<\/a><\/h4>\r\n                          <p>\r\n                            <a href=\"https:\/\/elektrakom.net\/index.php\/portfolio_cat\/references_tr\">Portfolio_TR<\/a>                           <\/p>\r\n                        <\/div>\r\n                      <\/div>\r\n                    <\/div>\r\n                  <\/div>\r\n\r\n                <\/div>\r\n              <div class=\"col-lg-4 col-md-6\">\r\n                  <div class=\"project-item\">\r\n                    <div class=\"xrton-image\">\r\n                      <a href=\"https:\/\/elektrakom.net\/index.php\/portfolio\/110-kv-garabogaz-karbamid-nowruz-substations\"><img decoding=\"async\" src=\"https:\/\/elektrakom.net\/wp-content\/uploads\/2025\/01\/nowruz-1-370x300.jpg\" alt=\"110 kV GARABOGAZ-KARBAMID-NOWRUZ SUBSTATIONS\"><\/a>\r\n                    <\/div>\r\n                    <div class=\"project-info\">\r\n                      <div class=\"xrton-table-wrap\">\r\n                        <div class=\"xrton-align-wrap\">\r\n                          <h4 class=\"project-title\"><a href=\"https:\/\/elektrakom.net\/index.php\/portfolio\/110-kv-garabogaz-karbamid-nowruz-substations\">110 kV GARABOGAZ-KARBAMID-NOWRUZ SUBSTATIONS<\/a><\/h4>\r\n                          <p>\r\n                            <a href=\"https:\/\/elektrakom.net\/index.php\/portfolio_cat\/references_tr\">Portfolio_TR<\/a>                           <\/p>\r\n                        <\/div>\r\n                      <\/div>\r\n                    <\/div>\r\n                  <\/div>\r\n\r\n                <\/div>\r\n              <div class=\"col-lg-4 col-md-6\">\r\n                  <div class=\"project-item\">\r\n                    <div class=\"xrton-image\">\r\n                      <a href=\"https:\/\/elektrakom.net\/index.php\/portfolio\/110-kv-seaport-gis-substation\"><img decoding=\"async\" src=\"https:\/\/elektrakom.net\/wp-content\/uploads\/2025\/01\/seaport-1-370x300.jpg\" alt=\"110 kV SEAPORT GIS SUBSTATION\"><\/a>\r\n                    <\/div>\r\n                    <div class=\"project-info\">\r\n                      <div class=\"xrton-table-wrap\">\r\n                        <div class=\"xrton-align-wrap\">\r\n                          <h4 class=\"project-title\"><a href=\"https:\/\/elektrakom.net\/index.php\/portfolio\/110-kv-seaport-gis-substation\">110 kV SEAPORT GIS SUBSTATION<\/a><\/h4>\r\n                          <p>\r\n                            <a href=\"https:\/\/elektrakom.net\/index.php\/portfolio_cat\/references_tr\">Portfolio_TR<\/a>                           <\/p>\r\n                        <\/div>\r\n                      <\/div>\r\n                    <\/div>\r\n                  <\/div>\r\n\r\n                <\/div>\r\n              <\/div>            <div class=\"xrton-pagination\">\r\n              <ul class='page-numbers'>\n\t<li><span aria-current=\"page\" class=\"page-numbers current\">1<\/span><\/li>\n\t<li><a class=\"page-numbers\" href=\"https:\/\/elektrakom.net\/index.php\/wp-json\/wp\/v2\/pages\/116\/page\/2\">2<\/a><\/li>\n\t<li><a class=\"page-numbers\" href=\"https:\/\/elektrakom.net\/index.php\/wp-json\/wp\/v2\/pages\/116\/page\/3\">3<\/a><\/li>\n\t<li><span class=\"page-numbers dots\">&hellip;<\/span><\/li>\n\t<li><a class=\"page-numbers\" href=\"https:\/\/elektrakom.net\/index.php\/wp-json\/wp\/v2\/pages\/116\/page\/5\">5<\/a><\/li>\n\t<li><a class=\"next page-numbers\" href=\"https:\/\/elektrakom.net\/index.php\/wp-json\/wp\/v2\/pages\/116\/page\/2\"><\/a><\/li>\n<\/ul>\n            <\/div>\r\n          \r\n        <\/div>\r\n\r\n      <\/div>\r\n    <\/section>\r\n\r\n    [\/vc_column][\/vc_row][vc_row overlay_dotted=&#8221;true&#8221;][vc_column]<div class=\"xrton-aboutus  xrton-aboutus-69d6b4b3c7d6e\"><div class=\"container\"><div class=\"aboutus-wrap\"><div class=\"row align-items-center\"><div class=\"col-lg-6\">\r\n                      <div class=\"about-image\">\r\n                        <img decoding=\"async\" src=\"https:\/\/elektrakom.net\/wp-content\/uploads\/2024\/12\/icon-green-energy.jpg\" alt=\"About Us\">\r\n                      <\/div>\r\n                    <\/div>\r\n                    <div class=\"col-lg-6\">\r\n                      <div class=\"about-info\">\r\n                        <div class=\"section-title-wrap section-title-style-two\">\r\n                          <h2 class=\"section-title\">\u0130leti\u015fim<\/h2>\r\n                        <\/div>\r\n                        <p><b>Bize Ula\u015f\u0131n<\/b>\n<br>\nHer t\u00fcrl\u00fc soru ve \u00f6neriniz ile l\u00fctfen bize ula\u015f\u0131n.\n<br>\nTel.: 0216 - 548 11 70 (pbx)<\/p><div class=\"xrton-btns-group\"><a href=\"https:\/\/elektrakom.net\/index.php\/elektrakom-enerji-iletisim\" class=\"xrton-btn xrton-yellow-border-btn\" ><span class=\"xrton-btn-text\">\u0130leti\u015fim Bilgileri<\/span><\/a><\/div>    \r\n                      <\/div>\r\n                    <\/div><\/div><\/div><\/div><\/div>[\/vc_column][\/vc_row]<\/p>\n<\/div>","protected":false},"excerpt":{"rendered":"[vc_row full_width=&#8221;stretch_row_content_no_spaces&#8221; overlay_dotted=&#8221;true&#8221;][vc_column][\/vc_column][\/vc_row][vc_row overlay_dotted=&#8221;&#8221; css=&#8221;.vc_custom_1548995839560{margin-top: -50px !important;padding-bottom: 50px !important;}&#8221;][vc_column][\/vc_column][\/vc_row][vc_row overlay_dotted=&#8221;true&#8221; css=&#8221;.vc_custom_1738061567142{padding-top: 8% !important;padding-bottom: -25px !important;}&#8221;][vc_column][\/vc_column][\/vc_row][vc_row overlay_dotted=&#8221;true&#8221;][vc_column][\/vc_column][\/vc_row][vc_row overlay_dotted=&#8221;true&#8221;][vc_column][\/vc_column][\/vc_row]","protected":false},"author":1,"featured_media":0,"parent":0,"menu_order":0,"comment_status":"closed","ping_status":"closed","template":"","meta":{"footnotes":""},"class_list":["post-116","page","type-page","status-publish","hentry"],"aioseo_notices":[],"yoast_head":"<!-- This site is optimized with the Yoast SEO plugin v24.6 - https:\/\/yoast.com\/wordpress\/plugins\/seo\/ -->\r\n<title>Anasayfa - Elektrakom Enerji<\/title>\r\n<meta name=\"robots\" content=\"index, follow, max-snippet:-1, max-image-preview:large, max-video-preview:-1\" \/>\r\n<link rel=\"canonical\" href=\"https:\/\/elektrakom.net\/\" \/>\r\n<meta property=\"og:locale\" content=\"en_US\" \/>\r\n<meta property=\"og:type\" content=\"article\" \/>\r\n<meta property=\"og:title\" content=\"Anasayfa - Elektrakom Enerji\" \/>\r\n<meta property=\"og:description\" content=\"[vc_row full_width=&#8221;stretch_row_content_no_spaces&#8221; overlay_dotted=&#8221;true&#8221;][vc_column][\/vc_column][\/vc_row][vc_row overlay_dotted=&#8221;&#8221; css=&#8221;.vc_custom_1548995839560{margin-top: -50px !important;padding-bottom: 50px !important;}&#8221;][vc_column][\/vc_column][\/vc_row][vc_row overlay_dotted=&#8221;true&#8221; css=&#8221;.vc_custom_1738061567142{padding-top: 8% !important;padding-bottom: -25px !important;}&#8221;][vc_column][\/vc_column][\/vc_row][vc_row overlay_dotted=&#8221;true&#8221;][vc_column][\/vc_column][\/vc_row][vc_row overlay_dotted=&#8221;true&#8221;][vc_column][\/vc_column][\/vc_row]\" \/>\r\n<meta property=\"og:url\" content=\"https:\/\/elektrakom.net\/\" \/>\r\n<meta property=\"og:site_name\" content=\"Elektrakom Enerji\" \/>\r\n<meta property=\"article:modified_time\" content=\"2025-03-26T10:13:37+00:00\" \/>\r\n<meta name=\"twitter:card\" content=\"summary_large_image\" \/>\r\n<meta name=\"twitter:label1\" content=\"Est. reading time\" \/>\n\t<meta name=\"twitter:data1\" content=\"1 minute\" \/>\r\n<script type=\"application\/ld+json\" class=\"yoast-schema-graph\">{\"@context\":\"https:\/\/schema.org\",\"@graph\":[{\"@type\":\"WebPage\",\"@id\":\"https:\/\/elektrakom.net\/\",\"url\":\"https:\/\/elektrakom.net\/\",\"name\":\"Anasayfa - Elektrakom Enerji\",\"isPartOf\":{\"@id\":\"https:\/\/elektrakom.net\/#website\"},\"datePublished\":\"2025-01-07T12:43:09+00:00\",\"dateModified\":\"2025-03-26T10:13:37+00:00\",\"breadcrumb\":{\"@id\":\"https:\/\/elektrakom.net\/#breadcrumb\"},\"inLanguage\":\"en-US\",\"potentialAction\":[{\"@type\":\"ReadAction\",\"target\":[\"https:\/\/elektrakom.net\/\"]}]},{\"@type\":\"BreadcrumbList\",\"@id\":\"https:\/\/elektrakom.net\/#breadcrumb\",\"itemListElement\":[{\"@type\":\"ListItem\",\"position\":1,\"name\":\"Home\",\"item\":\"https:\/\/elektrakom.net\/\"},{\"@type\":\"ListItem\",\"position\":2,\"name\":\"Anasayfa\"}]},{\"@type\":\"WebSite\",\"@id\":\"https:\/\/elektrakom.net\/#website\",\"url\":\"https:\/\/elektrakom.net\/\",\"name\":\"Elektrakom Enerji\",\"description\":\"Enerjimizle hayat vermeye devam ediyoruz\",\"potentialAction\":[{\"@type\":\"SearchAction\",\"target\":{\"@type\":\"EntryPoint\",\"urlTemplate\":\"https:\/\/elektrakom.net\/?s={search_term_string}\"},\"query-input\":{\"@type\":\"PropertyValueSpecification\",\"valueRequired\":true,\"valueName\":\"search_term_string\"}}],\"inLanguage\":\"en-US\"}]}<\/script>\r\n<!-- \/ Yoast SEO plugin. -->","yoast_head_json":{"title":"Anasayfa - Elektrakom Enerji","robots":{"index":"index","follow":"follow","max-snippet":"max-snippet:-1","max-image-preview":"max-image-preview:large","max-video-preview":"max-video-preview:-1"},"canonical":"https:\/\/elektrakom.net\/","og_locale":"en_US","og_type":"article","og_title":"Anasayfa - Elektrakom Enerji","og_description":"[vc_row full_width=&#8221;stretch_row_content_no_spaces&#8221; overlay_dotted=&#8221;true&#8221;][vc_column][\/vc_column][\/vc_row][vc_row overlay_dotted=&#8221;&#8221; css=&#8221;.vc_custom_1548995839560{margin-top: -50px !important;padding-bottom: 50px !important;}&#8221;][vc_column][\/vc_column][\/vc_row][vc_row overlay_dotted=&#8221;true&#8221; css=&#8221;.vc_custom_1738061567142{padding-top: 8% !important;padding-bottom: -25px !important;}&#8221;][vc_column][\/vc_column][\/vc_row][vc_row overlay_dotted=&#8221;true&#8221;][vc_column][\/vc_column][\/vc_row][vc_row overlay_dotted=&#8221;true&#8221;][vc_column][\/vc_column][\/vc_row]","og_url":"https:\/\/elektrakom.net\/","og_site_name":"Elektrakom Enerji","article_modified_time":"2025-03-26T10:13:37+00:00","twitter_card":"summary_large_image","twitter_misc":{"Est. reading time":"1 minute"},"schema":{"@context":"https:\/\/schema.org","@graph":[{"@type":"WebPage","@id":"https:\/\/elektrakom.net\/","url":"https:\/\/elektrakom.net\/","name":"Anasayfa - Elektrakom Enerji","isPartOf":{"@id":"https:\/\/elektrakom.net\/#website"},"datePublished":"2025-01-07T12:43:09+00:00","dateModified":"2025-03-26T10:13:37+00:00","breadcrumb":{"@id":"https:\/\/elektrakom.net\/#breadcrumb"},"inLanguage":"en-US","potentialAction":[{"@type":"ReadAction","target":["https:\/\/elektrakom.net\/"]}]},{"@type":"BreadcrumbList","@id":"https:\/\/elektrakom.net\/#breadcrumb","itemListElement":[{"@type":"ListItem","position":1,"name":"Home","item":"https:\/\/elektrakom.net\/"},{"@type":"ListItem","position":2,"name":"Anasayfa"}]},{"@type":"WebSite","@id":"https:\/\/elektrakom.net\/#website","url":"https:\/\/elektrakom.net\/","name":"Elektrakom Enerji","description":"Enerjimizle hayat vermeye devam ediyoruz","potentialAction":[{"@type":"SearchAction","target":{"@type":"EntryPoint","urlTemplate":"https:\/\/elektrakom.net\/?s={search_term_string}"},"query-input":{"@type":"PropertyValueSpecification","valueRequired":true,"valueName":"search_term_string"}}],"inLanguage":"en-US"}]}},"_links":{"self":[{"href":"https:\/\/elektrakom.net\/index.php\/wp-json\/wp\/v2\/pages\/116","targetHints":{"allow":["GET"]}}],"collection":[{"href":"https:\/\/elektrakom.net\/index.php\/wp-json\/wp\/v2\/pages"}],"about":[{"href":"https:\/\/elektrakom.net\/index.php\/wp-json\/wp\/v2\/types\/page"}],"author":[{"embeddable":true,"href":"https:\/\/elektrakom.net\/index.php\/wp-json\/wp\/v2\/users\/1"}],"replies":[{"embeddable":true,"href":"https:\/\/elektrakom.net\/index.php\/wp-json\/wp\/v2\/comments?post=116"}],"version-history":[{"count":1,"href":"https:\/\/elektrakom.net\/index.php\/wp-json\/wp\/v2\/pages\/116\/revisions"}],"predecessor-version":[{"id":1162,"href":"https:\/\/elektrakom.net\/index.php\/wp-json\/wp\/v2\/pages\/116\/revisions\/1162"}],"wp:attachment":[{"href":"https:\/\/elektrakom.net\/index.php\/wp-json\/wp\/v2\/media?parent=116"}],"curies":[{"name":"wp","href":"https:\/\/api.w.org\/{rel}","templated":true}]}}